8
Convert 68586 (base 9) to base 2.
1011001001110001
Convert -7608 (base 10) to base 13.
-3603
Convert -149 (base 13) to base 6.
-1022
What is -52244 (base 6) in base 7?
-26305
What is 67 (base 12) in base 3?
2221
Convert -11232 (base 6) to base 5.
-22404
What is -648 (base 15) in base 5?
-21133
What is 1867 (base 9) in base 7?
4123
What is -971 (base 10) in base 15?
-44b
What is -15054 (base 11) in base 8?
-51553
Convert 2165 (base 14) to base 2.
1011010001101
-22020221 (base 3) to base 8
-13603
Convert -2244 (base 7) to base 10.
-816
What is 1331 (base 7) in base 8?
1000
What is -101101 (base 4) in base 14?
-58d
Convert -5a42 (base 11) to base 2.
-1111011100111
47352 (base 9) to base 2
111101110010101
What is 20d3 (base 14) in base 3?
21210010
-9567 (base 14) to base 5
-1311032
Convert -504 (base 11) to base 3.
-211120
What is -24311 (base 5) in base 11?
-1415
-656 (base 12) to base 9
-1243
What is -897 (base 11) in base 10?
-1074
What is 10c59 (base 13) in base 15?
9143
3413 (base 8) to base 14
92b
-3451 (base 6) to base 2
-1100110111
What is -4791 (base 11) in base 3?
-22121021
Convert 23 (base 12) to base 8.
33
What is 5929 (base 10) in base 8?
13451
-1bef (base 16) to base 12
-417b
10b (base 15) to base 13
152
What is -1ea7 (base 16) in base 13?
-3758
889 (base 13) to base 16
5b9
1216 (base 8) to base 9
806
What is 2250 (base 8) in base 11?
994
Convert -16367 (base 8) to base 15.
-22e5
Convert 1334 (base 8) to base 13.
444
-3020 (base 6) to base 11
-550
-1000120 (base 3) to base 9
-1016
What is -211210 (base 8) in base 15?
-15c55
What is -1e0 (base 15) in base 11?
-366
What is 130502 (base 9) in base 7?
446504
Convert 1010111010101 (base 2) to base 16.
15d5
Convert 168 (base 13) to base 4.
3333
What is -816 (base 15) in base 13?
-aa1
191 (base 15) to base 10
361
Convert aa53 (base 14) to base 10.
29473
What is 1563 (base 13) in base 16?
c33
-4938 (base 12) to base 13
-39aa
What is -3339 (base 14) in base 11?
-6735
Convert -1664 (base 9) to base 10.
-1273
12200101 (base 3) to base 10
4141
502c (base 13) to base 8
25417
-23100 (base 13) to base 8
-174612
-57a6 (base 11) to base 15
-23cd
What is 80542 (base 9) in base 6?
1045015
Convert 9cc (base 13) to base 6.
11453
2 (base 7) to base 9
2
Convert -49cb (base 13) to base 12.
-6090
-262 (base 10) to base 2
-100000110
What is -1a6 (base 14) in base 11?
-291
What is 443340 (base 6) in base 11?
25939
What is 1041504 (base 6) in base 16?
cc10
Convert 3232323 (base 4) to base 2.
11101110111011
Convert -1110000110 (base 2) to base 10.
-902
Convert 211111 (base 3) to base 5.
4412
Convert 136b (base 12) to base 13.
1037
-384 (base 14) to base 12
-4a8
Convert -110100101 (base 2) to base 11.
-353
Convert -2222 (base 6) to base 14.
-290
-2611 (base 15) to base 5
-224431
Convert 1221434 (base 5) to base 9.
35045
Convert -230 (base 15) to base 13.
-2c1
212212101 (base 3) to base 14
64aa
What is 35338 (base 10) in base 7?
205012
What is -106153 (base 7) in base 9?
-27887
Convert -554 (base 13) to base 6.
-4122
1100111010 (base 2) to base 15
3a1
What is 11123 (base 4) in base 3?
110212
Convert -21333231 (base 4) to base 8.
-117755
Convert 765 (base 10) to base 15.
360
What is 24778 (base 9) in base 8?
40444
Convert 3444 (base 10) to base 3.
11201120
-3 (base 16) to base 7
-3
121211 (base 3) to base 5
3304
1fd (base 16) to base 9
625
What is -461 (base 12) in base 15?
-2d4
What is 4850 (base 9) in base 15?
1109
What is -15451 (base 11) in base 15?
-670b
Convert 1787 (base 9) to base 8.
2537
-1000011001011 (base 2) to base 6
-31523
What is -1212220 (base 4) in base 9?
-10007
-101100110111010 (base 2) to base 10
-22970
Convert e71 (base 15) to base 10.
3256
Convert 116655 (base 8) to base 11.
28366
Convert 672 (base 12) to base 10.
950
What is 100010 (base 2) in base 14?
26
-135414 (base 8) to base 3
-2102200111
b711 (base 14) to base 7
161021
Convert 2a9 (base 15) to base 6.
2453
Convert -102 (base 3) to base 2.
-1011
-10001001011111010 (base 2) to base 7
-412142
528 (base 10) to base 9
646
What is -11200 (base 3) in base 15?
-86
2855 (base 9) to base 3
2221212
What is -11100101 (base 2) in base 8?
-345
Convert 241 (base 6) to base 16.
61
Convert 7e92 (base 16) to base 15.
9902
Convert -1011010001 (base 2) to base 4.
-23101
Convert 57092 (base 11) to base 3.
11012100010
-83 (base 14) to base 6
-311
2239 (base 14) to base 2
1011100101011
Convert -10011100 (base 3) to base 10.
-2304
Convert -1100001011110 (base 2) to base 7.
-24121
-929c (base 13) to base 9
-30678
-141324 (base 6) to base 12
-7844
Convert -110011111 (base 2) to base 6.
-1531
What is -10179 (base 12) in base 13?
-9714
What is -4e8 (base 16) in base 3?
-1201112
555 (base 6) to base 16
d7
What is -514 (base 6) in base 4?
-2332
What is -12b3 (base 12) in base 15?
-986
Convert -1201 (base 5) to base 6.
-452
Convert 121212 (base 3) to base 14.
247
What is 54046 (base 7) in base 6?
142031
What is -197 (base 13) in base 6?
-1205
Convert -1211320 (base 4) to base 5.
-202040
What is 111110101101 (base 2) in base 11?
3019
837 (base 9) to base 2
1010101010
878 (base 9) to base 11
5a4
-105 (base 12) to base 9
-175
-10011 (base 4) to base 2
-100000101
Convert 2211200 (base 3) to base 16.
816
13331 (base 7) to base 3
11221022
What is -52240 (base 8) in base 13?
-9b26
1010101022 (base 3) to base 5
1202043
Convert -10 (base 7) to base 12.
-7
121332 (base 4) to base 13
9ab
What is -111000010 (base 2) in base 4?
-13002
Convert bb8 (base 16) to base 15.
d50
Convert -5d6 (base 15) to base 5.
-20301
What is -2320 (base 4) in base 15?
-c4
Convert 11012313 (base 4) to base 11.
14798
23583 (base 9) to base 5
1001124
Convert -547 (base 8) to base 7.
-1022
-210201 (base 3) to base 4
-21022
Convert 68 (base 10) to base 5.
233
Convert 1022 (base 3) to base 15.
25
What is -13763 (base 9) in base 8?
-22234
Convert -34 (base 11) to base 16.
-25
-428 (base 12) to base 6
-2452
2020000 (base 3) to base 5
22440
Convert -1001001110 (base 2) to base 7.
-1502
What is -7443 (base 8) in base 12?
-22ab
Convert 420 (base 10) to base 9.
516
-34133 (base 6) to base 5
-123214
Convert 12202 (base 3) to base 10.
155
What is -c4b (base 13) in base 10?
-2091
What is -12085 (base 9) in base 2?
-1111110100000
-10010101000 (base 2) to base 8
-2250
What is 111111010111 (base 2) in base 11?
3057
100100110011001 (base 2) to base 10
18841
What is -240 (base 8) in base 4?
-2200
44414 (base 5) to base 4
300211
Convert -1001100100111101 (base 2) to base 16.
-993d
What is 245b (base 15) in base 7?
31361
What is 554 (base 6) in base 3?
21221
Convert -21254 (base 6) to base 15.
-ce4
What is 15115 (base 8) in base 7?
25426
-35042 (base 7) to base 8
-21364
3413 (base 6) to base 13
498
Convert -27 (base 11) to base 3.
-1002
What is -306 (base 10) in base 14?
-17c
Convert -351 (base 14) to base 10.
-659
-1211130 (base 5) to base 16
-5889
Convert 3a74 (base 14) to base 16.
2836
332 (base 6) to base 3
11202
37206 (base 9) to base 5
1244304
What is 4307 (base 10) in base 2?
1000011010011
Convert -12313132 (base 4) to base 8.
-66736
Convert -2af (base 16) to base 7.
-2001
What is 753 (base 9) in base 2?
1001100111
139b1 (base 13) to base 2
1000111111010001
-11101101110001 (base 2) to base 3
-202212121
-110001 (base 2) to base 3
-1211
What is -101 (base 5) in base 10?
-26
Convert -160 (base 15) to base 6.
-1243
Convert -2571 (base 8) to base 14.
-721
Convert 322 (base 8) to base 5.
1320
-1173 (base 12) to base 3
-2200120
Convert -3573 (base 10) to base 2.
-110111110101
What is 8682 (base 11) in base 5?
331324
-130100 (base 4) to base 9
-2428
What is -24160 (base 8) in base 9?
-15172
What is -6de (base 16) in base 10?
-1758
What is 3b1 (base 13) in base 8?
1213
Convert 2171 (base 8) to base 13.
6a1
What is -12333 (base 9) in base 8?
-20144
Convert -480 (base 9) to base 5.
-3041
What is -4726 (base 10) in base 15?
-1601
What is 3338 (base 16) in base 4?
3030320
-24436 (base 13) to base 6
-1232251
Convert 22150 (base 7) to base 11.
4206
2000021000 (base 3) to base 4
21222003
What is 2480 (base 16) in base 9?
13732
Convert 101000111 (base 2) to base 10.
327
What is -452 (base 11) in base 5?
-4131
Convert 6335 (base 11) to base 8.
20303
Convert -1030 (base 4) to base 13.
-5b
Convert -11a5 (base 11) to base 16.
-61